{"id":31,"date":"2020-09-28T06:31:29","date_gmt":"2020-09-28T06:31:29","guid":{"rendered":"https:\/\/haarland.dk\/?page_id=31"},"modified":"2020-09-30T23:00:22","modified_gmt":"2020-09-30T23:00:22","slug":"privatlivspolitik","status":"publish","type":"page","link":"https:\/\/haarland.dk\/index.php\/privatlivspolitik\/","title":{"rendered":"Privatlivspolitik"},"content":{"rendered":"\n<div class=\"wp-block-file\"><a href=\"https:\/\/haarland.dk\/wp-content\/uploads\/2020\/09\/Bilag-C-Privatlivspolitik_G_F_Haarlandsgaarden_rev_20200614.pdf\">Privatlivspolitik Haarlandsg\u00e5rden rev 20200614<\/a><a href=\"https:\/\/haarland.dk\/wp-content\/uploads\/2020\/09\/Bilag-C-Privatlivspolitik_G_F_Haarlandsgaarden_rev_20200614.pdf\" class=\"wp-block-file__button\" download>Download<\/a><\/div>\n\n\n\n<h2 class=\"wp-block-heading\">(G\/F Haarlandsg\u00e5rdens Grundejerforening)<\/h2>\n\n\n\n<p>(28. november 2018 \u2013 revideret, godkendt p\u00e5 generalforsamling 14. juni 2020)<\/p>\n\n\n\n<h2 class=\"wp-block-heading\">G\/F Haarlandsg\u00e5rdens Grundejerforenings dataansvar<\/h2>\n\n\n\n<p>Foreningen, som du\/I er medlem af, behandler personoplysninger og har derfor vedtaget denne privatlivspolitik, der kort fort\u00e6ller dig, hvilke oplysninger, vi behandler,<br>samt hvordan vi behandler dine personoplysninger. Dette for at sikre en fair og gennemsigtig behandling.<\/p>\n\n\n\n<p>Gennemg\u00e5ende for foreningens databehandling er, at foreningen kun behandler <strong>almindelige personoplysninger <\/strong>til bestemte foreningsrelaterede form\u00e5l og ud fra berettigede (legitime) interesser. Foreningen behandler med andre ord kun personoplysninger, der er relevante og n\u00f8dvendige til opfyldelse af foreningens angivne form\u00e5l.<\/p>\n\n\n\n<p>Dine oplysninger slettes, n\u00e5r de ikke l\u00e6ngere er n\u00f8dvendige.<\/p>\n\n\n\n<h2 class=\"wp-block-heading\">Kontaktoplysninger p\u00e5 den dataansvarlige<\/h2>\n\n\n\n<p><strong>(G\/F Haarlandsg\u00e5rdens Grundejerforening)<\/strong> er dataansvarlig, og foreningen sikrer, at dine personoplysninger behandles i overensstemmelse med lovgivningen.<\/p>\n\n\n\n<p>Til dette form\u00e5l har foreningen udpeget en dataansvarlig, der kan kontaktes, s\u00e5fremt<br>du f.eks. har sp\u00f8rgsm\u00e5l.<\/p>\n\n\n\n<p>Kontaktoplysninger p\u00e5 foreningens dataansvarlige:<\/p>\n\n\n\n<p><strong>Kontaktperson<\/strong>: Kristian Jensen<br>Adresse: Sylviavej 13, 2. sal tv. \/ Haarlands All\u00e9 19<br>Postnummer: 2500 Valby \/ 3220 Tisvildeleje<br>Telefonnr.: 61 77 24 24 \/ 24 98 36 86<br>Mail: kristian.jens@gmail.com<\/p>\n\n\n\n<h2 class=\"wp-block-heading\">Behandling af personoplysninger<\/h2>\n\n\n\n<p>Foreningen behandler f\u00f8lgende personoplysninger:<br>\u2022 Almindelige personoplysninger p\u00e5 medlemmer:<br>o Registrerings- og kontaktoplysninger som navn, foreningsadresse, postadresse, indmeldelsesdato samt eventuelt telefonnummer og e-mailadresse.<\/p>\n\n\n\n<ul class=\"wp-block-list\"><li>Ved foreningsadresse forst\u00e5s adressen p\u00e5 ejendommen, der er beliggende i foreningens omr\u00e5de.<\/li><li>Ved postadresse forst\u00e5s den adresse, som du har oplyst som kontaktadresse, s\u00e5fremt du ikke bor fast p\u00e5 foreningsadressen.<\/li><\/ul>\n\n\n\n<h2 class=\"wp-block-heading\">Her indsamler foreningen oplysninger fra<\/h2>\n\n\n\n<p>Normalt f\u00e5r foreningen oplysningerne fra dig eller fra ejendomsformidlere p\u00e5 dine vegne.<\/p>\n\n\n\n<h2 class=\"wp-block-heading\">Foreningens form\u00e5l med behandling af dine personoplysninger<\/h2>\n\n\n\n<p>Foreningen behandler kun dine personoplysninger til bestemte form\u00e5l, n\u00e5r foreningen har en lovlig grund.<\/p>\n\n\n\n<h2 class=\"wp-block-heading\">Lovlige grunde til behandling er s\u00e6rligt:<\/h2>\n\n\n\n<p>\u2022 Foreningens berettigede (legitime) interesser i at behandle dine oplysninger<br>\u2022 At det er n\u00f8dvendigt for at opfylde dit medlemskab af foreningen<br>\u2022 Behandling, der m\u00e5tte f\u00f8lge af lovkrav<br>\u2022 Behandling, der m\u00e5tte kr\u00e6ve n\u00e6rmere samtykke fra dig i den p\u00e5g\u00e6ldende situation.<\/p>\n\n\n\n<h2 class=\"wp-block-heading\">Form\u00e5l med behandling af medlemsoplysninger:<\/h2>\n\n\n\n<p>\u2022 Foreningens medlemsh\u00e5ndtering, herunder kontingentopkr\u00e6vning, indkaldelse til generalforsamling, udsendelse af referater fra generalforsamling, bestyrelsesm\u00f8der og meddelelser i \u00f8vrigt<br>\u2022 Som led i foreningens aktiviteter<br>\u2022 Administration af din relation til foreningen<\/p>\n\n\n\n<h2 class=\"wp-block-heading\">Foreningen behandler kun personoplysninger ud fra legitime interesser<\/h2>\n\n\n\n<p>I det omfang foreningen behandler dine medlemsoplysninger, vil denne behandling udelukkende v\u00e6re motiveret af berettigede (legitime) interesser som:<\/p>\n\n\n\n<p>\u2022 H\u00e5ndtering af dine medlemsrettigheder i henhold til foreningens pligter jf. vedt\u00e6gterne m.v., herunder i forhold til generalforsamling<br>\u2022 Opfyldelse af medlemspligter, herunder opkr\u00e6vning af og registrering af betaling af kontingent, evt. forf\u00f8lgning af restancer, herunder retslig inkasso.<br>\u2022 Af praktiske og administrative hensyn, herunder bestemmelser i Regnskabslovgivningen, opbevarer vi dine almindelige medlemsoplysninger i en periode efter din udmeldelse af foreningen (se afsnittet opbevaring og sletning af dine personoplysninger).<\/p>\n\n\n\n<h2 class=\"wp-block-heading\">Samtykke<\/h2>\n\n\n\n<p>Foreningens behandling af dine personoplysninger baserer sig p\u00e5 et andet lovligt grundlag end samtykke.<\/p>\n\n\n\n<h2 class=\"wp-block-heading\">Videregivelse af dine personoplysninger<\/h2>\n\n\n\n<p>Foreningen videregiver ikke personoplysninger til virksomheder til markedsf\u00f8ring.<\/p>\n\n\n\n<div class=\"wp-block-group\"><div class=\"wp-block-group__inner-container is-layout-flow wp-block-group-is-layout-flow\">\n<p class=\"has-blue-color has-text-color\"><strong>Foreningen stiller adresseliste med navn, sommerhusadresse (\u201dforeningsadresse\u201d) og mailadresse til medlemmernes r\u00e5dighed. Hermed f\u00e5r medlemmerne og mulighed for at informere hinanden \u2013 for eksempel hvis man \u00f8nsker at informere naboerne om afholdelse af fest eller andet.<\/strong><\/p>\n<\/div><\/div>\n\n\n\n<p class=\"has-blue-color has-text-color\"><strong>Medlemmers videregivelse af disse oplysninger til ikke-medlemmer \u2013 bortset fra n\u00e6re p\u00e5r\u00f8rende med en legitim interesse heri \u2013 anses for brud p\u00e5 databeskyttelsesforordningen og databeskyttelses-loven, som fra den 25. maj 2018 afl\u00f8ste persondataloven.<\/strong><\/p>\n\n\n\n<h2 class=\"wp-block-heading\">Opbevaring og sletning af dine personoplysninger<\/h2>\n\n\n\n<p>Foreningen opbevarer dine personoplysninger i en periode fra medlemskabets oph\u00f8r og i overensstemmelse med f\u00f8lgende kriterier:<\/p>\n\n\n\n<p>\u2022 Af praktiske og administrative hensyn, herunder bestemmelser i Regnskabslovgivningen, opbevarer foreningen dine almindelige medlemsoplysninger i op til 5 \u00e5r efter kalender\u00e5ret for oph\u00f8r af medlemskab.<\/p>\n\n\n\n<h2 class=\"wp-block-heading\">Dine rettigheder<\/h2>\n\n\n\n<p>Du har en r\u00e6kke s\u00e6rlige rettigheder efter Persondataforordningen, n\u00e5r foreningen behandler personoplysninger om dig:<\/p>\n\n\n\n<p>\u2022 Retten til at blive oplyst om behandlingen af data<br>\u2022 Retten til indsigt i egne personoplysninger<br>\u2022 Retten til berigtigelse<br>\u2022 Retten til sletning<br>\u2022 Retten til begr\u00e6nsning af behandling<br>\u2022 Retten til dataportabilitet (udlevering af data i et almindeligt anvendt format)<br>\u2022 Retten til indsigelse<\/p>\n\n\n\n<p>Du kan g\u00f8re brug af dine rettigheder, herunder g\u00f8re indsigelse mod foreningens behandling, ved at henvende dig til foreningens dataansvarlige. Den dataansvarliges kontaktoplysninger finder du \u00f8verst i dokumentet.<\/p>\n\n\n\n<p>Hvis du f.eks. henvender dig med en anmodning om at f\u00e5 rettet eller slettet dine personoplysninger unders\u00f8ger foreningen om betingelserne er opfyldt \u2013 og gennemf\u00f8rer i<br>s\u00e5 fald de \u00f8nskede \u00e6ndringer eller sletning s\u00e5 hurtigt som muligt.<\/p>\n\n\n\n<p>Du kan altid indgive en klage til en databeskyttelsestilsynsmyndighed, f.eks. Datatilsynet.<\/p>\n\n\n\n<h2 class=\"wp-block-heading\">Revidering af privatlivspolitikken<\/h2>\n\n\n\n<p>Foreningen forbeholder sig retten til at foretage \u00e6ndringer i n\u00e6rv\u00e6rende privatlivspolitik i overensstemmelse med g\u00e6ldende regler p\u00e5 omr\u00e5det.<\/p>\n\n\n\n<p>Ved \u00e6ndringer vil datoen \u00f8verst i privatlivspolitikken blive \u00e6ndret.<\/p>\n\n\n\n<p>Ved v\u00e6sentlige \u00e6ndringer (blandt andet om skift af data-ansvarlig) vil du modtage meddelelse herom.<\/p>\n\n\n\n<p><em>Haarlandsg\u00e5rdens Grundejerforening er medlem af Landliggersammenslutningen Gribskov Vest<\/em><\/p>\n","protected":false},"excerpt":{"rendered":"<p>(G\/F Haarlandsg\u00e5rdens Grundejerforening) (28. november 2018 \u2013 revideret, godkendt p\u00e5 generalforsamling 14. juni 2020) G\/F Haarlandsg\u00e5rdens Grundejerforenings dataansvar Foreningen, som du\/I er medlem af, behandler personoplysninger og har derfor vedtaget denne privatlivspolitik, der kort fort\u00e6ller dig, hvilke oplysninger, vi behandler,samt &hellip; <a href=\"https:\/\/haarland.dk\/index.php\/privatlivspolitik\/\">L\u00e6s resten <span class=\"meta-nav\">&rarr;<\/span><\/a><\/p>\n","protected":false},"author":1,"featured_media":0,"parent":0,"menu_order":0,"comment_status":"closed","ping_status":"closed","template":"sidebar-page.php","meta":{"footnotes":""},"class_list":["post-31","page","type-page","status-publish","hentry"],"_links":{"self":[{"href":"https:\/\/haarland.dk\/index.php\/wp-json\/wp\/v2\/pages\/31","targetHints":{"allow":["GET"]}}],"collection":[{"href":"https:\/\/haarland.dk\/index.php\/wp-json\/wp\/v2\/pages"}],"about":[{"href":"https:\/\/haarland.dk\/index.php\/wp-json\/wp\/v2\/types\/page"}],"author":[{"embeddable":true,"href":"https:\/\/haarland.dk\/index.php\/wp-json\/wp\/v2\/users\/1"}],"replies":[{"embeddable":true,"href":"https:\/\/haarland.dk\/index.php\/wp-json\/wp\/v2\/comments?post=31"}],"version-history":[{"count":22,"href":"https:\/\/haarland.dk\/index.php\/wp-json\/wp\/v2\/pages\/31\/revisions"}],"predecessor-version":[{"id":125,"href":"https:\/\/haarland.dk\/index.php\/wp-json\/wp\/v2\/pages\/31\/revisions\/125"}],"wp:attachment":[{"href":"https:\/\/haarland.dk\/index.php\/wp-json\/wp\/v2\/media?parent=31"}],"curies":[{"name":"wp","href":"https:\/\/api.w.org\/{rel}","templated":true}]}}