{"id":59,"date":"2020-09-30T21:30:30","date_gmt":"2020-09-30T21:30:30","guid":{"rendered":"https:\/\/haarland.dk\/?page_id=59"},"modified":"2021-06-17T07:44:55","modified_gmt":"2021-06-17T07:44:55","slug":"ordensreglement","status":"publish","type":"page","link":"https:\/\/haarland.dk\/index.php\/ordensreglement\/","title":{"rendered":"Ordensreglement"},"content":{"rendered":"\n<div class=\"wp-block-file\"><a href=\"https:\/\/haarland.dk\/wp-content\/uploads\/2021\/06\/A-Ordensreglement-Haarlandsgaardens-Grundejerforening.pdf\">Ordensreglement Haarlandsg\u00e5dens Grundejerforening<\/a><a href=\"https:\/\/haarland.dk\/wp-content\/uploads\/2021\/06\/A-Ordensreglement-Haarlandsgaardens-Grundejerforening.pdf\" class=\"wp-block-file__button\" download>Hent<\/a><\/div>\n\n\n\n<h2 class=\"wp-block-heading\">Ordensreglement for Haarlandsg\u00e5rdens Grundejerforening<\/h2>\n\n\n\n<p><strong>I en grundejerforening er man f\u00e6lles om mange ting og det er vigtigt at tage<br>hensyn til hinanden. Derfor er det hensigtsm\u00e6ssigt at have et f\u00e6lles<br>ordensreglement.<\/strong><\/p>\n\n\n\n<h2 class=\"wp-block-heading\">1. <strong>Gr\u00e6ssl\u00e5ning og maskinst\u00f8j<\/strong><\/h2>\n\n\n\n<p>Gr\u00e6ssl\u00e5ning og anden generende st\u00f8j fra haveredskaber m\u00e5 kun ske p\u00e5 f\u00f8lgende tider i sommerhalv\u00e5ret (1. april \u2013 30. september):<br><strong>Mandag \u2013 l\u00f8rdag, kl. 10:00 \u2013 13:00 og kl. 16:00 \u2013 18:00 (Fredag dog til kl. 19:00)<br>S\u00f8n- &amp; helligedage, kl. 10:00 \u2013 13:00<br><\/strong>Havearbejde udf\u00f8rt ved ekstern bistand bedes s\u00e5vidt muligt overholde ovenst\u00e5ende timer.<br>St\u00f8j fra andre maskiner (f.eks. i forbindelse med byggeri) skal begr\u00e6nses til dagtimerne.<br><strong>P\u00e5 S\u00f8n- og helligdage skal ALT st\u00f8j holdes indenfor ovenn\u00e6vnte tidsrum (10:00 &#8211; 13:00).<\/strong><\/p>\n\n\n\n<h2 class=\"wp-block-heading\"><strong>2. Musik og fest<\/strong><\/h2>\n\n\n\n<p>Der m\u00e5 ikke spilles musik i det fri eller for \u00e5bne vinduer p\u00e5 en s\u00e5dan m\u00e5de, at de omkringboende generes. I festlige anledninger kan musik og fest tolereres, men man b\u00f8r informere de omkringboende mindst en uge i forvejen og udvise s\u00e6rligt hensyn efter kl. 22:00.<br>Erhvervsm\u00e6ssig musikud\u00f8velse m\u00e5 ikke finde sted.<\/p>\n\n\n\n<h2 class=\"wp-block-heading\">3. <strong>Fyrv\u00e6rkeri<\/strong><\/h2>\n\n\n\n<p>Det er ikke tilladt at affyre <em>raketter <\/em>i grundejerforeningen. Dette af hensyn til Haarlandsg\u00e5rdens str\u00e5tag. Der henvises i \u00f8vrigt til fyrv\u00e6rkeriloven.<\/p>\n\n\n\n<h2 class=\"wp-block-heading\">4. <strong>Haveaffald<\/strong><\/h2>\n\n\n\n<p>Haveaffald afhentes via lastvogn fem gange \u00e5rligt i m\u00e5nederne april, maj, juli, september og november. Dato for afhentning annonceres i HUSK mindst 2 m\u00e5neder i forvejen.<br>Ved haveaffald forst\u00e5s f.eks. grene, stauder, gr\u00e6s, blade og tr\u00e6r\u00f8dder. L\u00e6g venligst ikke haveaffald ud tidligere end 10 dage f\u00f8r afhentning. For at g\u00f8re det let for lastbilen, skal der v\u00e6re frit rundt om det udlagte affald \u2013 hold derfor afstand til hegn, br\u00f8ndd\u00e6ksel, bygninger, tr\u00e6er m.m. Affaldet placeres, s\u00e5 der er fri passage for g\u00e5ende og k\u00f8rende trafik.<\/p>\n\n\n\n<p>Der m\u00e5 <em>ikke <\/em>afbr\u00e6ndes haveaffald.<\/p>\n\n\n\n<p><\/p>\n\n\n\n<h2 class=\"wp-block-heading\">5. <strong>Besk\u00e6ring mod vej<\/strong><\/h2>\n\n\n\n<p>Der er udlagt otte meter vej i grundejerforeningen. K\u00f8rebanerne er 4 meter brede og der er 2 meter rabat p\u00e5 hver side. Den private grund starter s\u00e5ledes 4 meter fra vejmidte.<br>Grundejere skal s\u00f8rge for at tr\u00e6er, h\u00e6kke og anden beplantning er klippet i flugt med skel mod vejen. Der skal holdes en fri h\u00f8jde over p\u00e5 mindst 4,20 m over vejen og 2,75 m over rabatten.<\/p>\n\n\n\n<figure class=\"wp-block-image size-large\"><img loading=\"lazy\" decoding=\"async\" width=\"975\" height=\"575\" src=\"https:\/\/haarland.dk\/wp-content\/uploads\/2020\/09\/Beskaering.png\" alt=\"\" class=\"wp-image-72\" srcset=\"https:\/\/haarland.dk\/wp-content\/uploads\/2020\/09\/Beskaering.png 975w, https:\/\/haarland.dk\/wp-content\/uploads\/2020\/09\/Beskaering-300x177.png 300w, https:\/\/haarland.dk\/wp-content\/uploads\/2020\/09\/Beskaering-768x453.png 768w, https:\/\/haarland.dk\/wp-content\/uploads\/2020\/09\/Beskaering-500x295.png 500w\" sizes=\"auto, (max-width: 975px) 100vw, 975px\" \/><\/figure>\n\n\n\n<h2 class=\"wp-block-heading\">6. Hegn<\/h2>\n\n\n\n<p>Foreningens grunde m\u00e5 kun afgr\u00e6nses af levende hegn \u2013 j\u00e6vnf\u00f8r de tinglyste servitutter pkt. f.<\/p>\n\n\n\n<h2 class=\"wp-block-heading\">7. Grundens vedligeholdelse<\/h2>\n\n\n\n<p>Grundejerne har pligt til at sl\u00e5 gr\u00e6s i rabatten ud for egen grund. Eventuelle skader p\u00e5 vej skal omg\u00e5ende anmeldes til formanden. Grundene skal holdes ryddelige. Der m\u00e5 ikke henl\u00e6gges noget p\u00e5 grundene, der afgiver ilde lugt eller virker sk\u00e6mmende.<\/p>\n\n\n\n<h2 class=\"wp-block-heading\">8. Parkering<\/h2>\n\n\n\n<p>Parkering m\u00e5 kun ske p\u00e5 egen grund. J\u00e6vnf\u00f8r de tinglyste servitutter punkt i) skal der \u201dtil hver parcel indrettes mindst to bilparkeringspladser, og enhver henstilling af motork\u00f8ret\u00f8jer p\u00e5 udstykningsvejene er forbudt\u201d. G\u00e6ster, der ikke kan parkere p\u00e5 ens egen grund, kan parkere i rabatten \u2013 udfor ens egen grund.<\/p>\n\n\n\n<h2 class=\"wp-block-heading\">9. Hastighedsbegr\u00e6nsning<\/h2>\n\n\n\n<p>K\u00f8r langsomt p\u00e5 grundejerforeningens veje \u2013 k\u00f8r som skiltene viser. Fort\u00e6l dine g\u00e6ster om reglen.<\/p>\n\n\n\n<h2 class=\"wp-block-heading\">10. Hunde<\/h2>\n\n\n\n<p>P\u00e5 foreningens omr\u00e5de m\u00e5 ikke holdes hund, hvis de omkringboende generes af f.eks. g\u00f8en.<br>Hundenes efterladenskaber p\u00e5 veje og rabatter fjernes naturligvis af hundens f\u00f8rer.<\/p>\n\n\n\n<h2 class=\"wp-block-heading\">11. Udlejning<\/h2>\n\n\n\n<p>Udlejer er forpligtet til at g\u00f8re lejer bekendt med ordensreglementet.<\/p>\n\n\n\n<h2 class=\"wp-block-heading\">12. Andet<\/h2>\n\n\n\n<p>Bev\u00e6gelsesf\u00f8lsomme projekt\u00f8rer b\u00f8r ikke kunne aktiveres ved, at der er bev\u00e6gelse p\u00e5 vejene.<\/p>\n\n\n\n<p><strong>Bestyrelsen er h\u00f8jeste myndighed i sp\u00f8rgsm\u00e5l om ordensreglementet og kan, hvis<br>medlemmerne i henhold til vedt\u00e6gten ikke overholder det, lade arbejde udf\u00f8re for<br>medlemmets regning, og hvis denne ikke 14 dage efter p\u00e5krav betaler, da lade sagen overg\u00e5 til retslig inkasso med de der p\u00e5l\u00f8bne omkostninger for medlemmets regning. Vedr\u00f8rende punkt og 10. kan bestyrelsen, hvis et medlem ikke retter sig efter bestyrelsens henvendelse, overgive sagen til politiet.<\/strong><\/p>\n\n\n\n<blockquote class=\"wp-block-quote is-layout-flow wp-block-quote-is-layout-flow\"><p>Dette ordensreglement er udarbejdet i henhold til grundejerforeningens vedt\u00e6gt \u00a7 16 og er vedtaget p\u00e5 generalforsamlingen den 13. juni 2021. (Ordensreglementet er en revision af tidligere udgave vedtaget p\u00e5 generalforsamlingen 18. maj 2008).<\/p><\/blockquote>\n","protected":false},"excerpt":{"rendered":"<p>Ordensreglement for Haarlandsg\u00e5rdens Grundejerforening I en grundejerforening er man f\u00e6lles om mange ting og det er vigtigt at tagehensyn til hinanden. Derfor er det hensigtsm\u00e6ssigt at have et f\u00e6llesordensreglement. 1. Gr\u00e6ssl\u00e5ning og maskinst\u00f8j Gr\u00e6ssl\u00e5ning og anden generende st\u00f8j fra haveredskaber &hellip; <a href=\"https:\/\/haarland.dk\/index.php\/ordensreglement\/\">L\u00e6s resten <span class=\"meta-nav\">&rarr;<\/span><\/a><\/p>\n","protected":false},"author":1,"featured_media":0,"parent":0,"menu_order":0,"comment_status":"closed","ping_status":"closed","template":"sidebar-page.php","meta":{"footnotes":""},"class_list":["post-59","page","type-page","status-publish","hentry"],"_links":{"self":[{"href":"https:\/\/haarland.dk\/index.php\/wp-json\/wp\/v2\/pages\/59","targetHints":{"allow":["GET"]}}],"collection":[{"href":"https:\/\/haarland.dk\/index.php\/wp-json\/wp\/v2\/pages"}],"about":[{"href":"https:\/\/haarland.dk\/index.php\/wp-json\/wp\/v2\/types\/page"}],"author":[{"embeddable":true,"href":"https:\/\/haarland.dk\/index.php\/wp-json\/wp\/v2\/users\/1"}],"replies":[{"embeddable":true,"href":"https:\/\/haarland.dk\/index.php\/wp-json\/wp\/v2\/comments?post=59"}],"version-history":[{"count":29,"href":"https:\/\/haarland.dk\/index.php\/wp-json\/wp\/v2\/pages\/59\/revisions"}],"predecessor-version":[{"id":223,"href":"https:\/\/haarland.dk\/index.php\/wp-json\/wp\/v2\/pages\/59\/revisions\/223"}],"wp:attachment":[{"href":"https:\/\/haarland.dk\/index.php\/wp-json\/wp\/v2\/media?parent=59"}],"curies":[{"name":"wp","href":"https:\/\/api.w.org\/{rel}","templated":true}]}}